{"id":56,"date":"2026-05-08T21:06:45","date_gmt":"2026-05-08T19:06:45","guid":{"rendered":"https:\/\/www.lemondedeszabeilles.fr\/test\/?post_type=product&#038;p=56"},"modified":"2026-05-11T18:17:02","modified_gmt":"2026-05-11T16:17:02","slug":"visite-pedagogique-plongee-au-coeur-de-la-vie-sociale-de-labeille","status":"publish","type":"product","link":"https:\/\/www.lemondedeszabeilles.fr\/test\/produit\/visite-pedagogique-plongee-au-coeur-de-la-vie-sociale-de-labeille\/","title":{"rendered":"Visite P\u00e9dagogique : Plong\u00e9e au c\u0153ur de la vie sociale de l\u2019abeille"},"content":{"rendered":"","protected":false},"excerpt":{"rendered":"","protected":false},"featured_media":0,"comment_status":"open","ping_status":"closed","template":"","meta":[],"product_brand":[],"product_cat":[18],"product_tag":[],"class_list":{"0":"post-56","1":"product","2":"type-product","3":"status-publish","5":"product_cat-non-classe","7":"first","8":"instock","9":"shipping-taxable","10":"purchasable","11":"product-type-variable"},"_links":{"self":[{"href":"https:\/\/www.lemondedeszabeilles.fr\/test\/wp-json\/wp\/v2\/product\/56","targetHints":{"allow":["GET"]}}],"collection":[{"href":"https:\/\/www.lemondedeszabeilles.fr\/test\/wp-json\/wp\/v2\/product"}],"about":[{"href":"https:\/\/www.lemondedeszabeilles.fr\/test\/wp-json\/wp\/v2\/types\/product"}],"replies":[{"embeddable":true,"href":"https:\/\/www.lemondedeszabeilles.fr\/test\/wp-json\/wp\/v2\/comments?post=56"}],"version-history":[{"count":1,"href":"https:\/\/www.lemondedeszabeilles.fr\/test\/wp-json\/wp\/v2\/product\/56\/revisions"}],"predecessor-version":[{"id":109,"href":"https:\/\/www.lemondedeszabeilles.fr\/test\/wp-json\/wp\/v2\/product\/56\/revisions\/109"}],"wp:attachment":[{"href":"https:\/\/www.lemondedeszabeilles.fr\/test\/wp-json\/wp\/v2\/media?parent=56"}],"wp:term":[{"taxonomy":"product_brand","embeddable":true,"href":"https:\/\/www.lemondedeszabeilles.fr\/test\/wp-json\/wp\/v2\/product_brand?post=56"},{"taxonomy":"product_cat","embeddable":true,"href":"https:\/\/www.lemondedeszabeilles.fr\/test\/wp-json\/wp\/v2\/product_cat?post=56"},{"taxonomy":"product_tag","embeddable":true,"href":"https:\/\/www.lemondedeszabeilles.fr\/test\/wp-json\/wp\/v2\/product_tag?post=56"}],"curies":[{"name":"wp","href":"https:\/\/api.w.org\/{rel}","templated":true}]}}