{"id":70,"date":"2026-05-09T14:10:25","date_gmt":"2026-05-09T12:10:25","guid":{"rendered":"https:\/\/www.lemondedeszabeilles.fr\/test\/?page_id=70"},"modified":"2026-05-11T20:36:21","modified_gmt":"2026-05-11T18:36:21","slug":"accueil","status":"publish","type":"page","link":"https:\/\/www.lemondedeszabeilles.fr\/test\/","title":{"rendered":"Accueil"},"content":{"rendered":"\t\t<div data-elementor-type=\"wp-page\" data-elementor-id=\"70\" class=\"elementor elementor-70\">\n\t\t\t\t<div class=\"elementor-element elementor-element-806fd5b e-flex e-con-boxed e-con e-parent\" data-id=\"806fd5b\" data-element_type=\"container\" data-e-type=\"container\" data-settings=\"{&quot;background_background&quot;:&quot;classic&quot;}\">\n\t\t\t\t\t<div class=\"e-con-inner\">\n\t\t\t\t\t\t\t<h1 \n\t\tdata-interaction-id=\"668e6ad\" \n\t\tclass=\"e-668e6ad-8aff31a e-heading-base\" \n\t\t \n\t\t\n\t>\n\t\n\t\t\tPlongez au c\u0153ur de l'alv\u00e9ole : d\u00e9couvrez et prot\u00e9gez l'univers de nos butineuses.\n\t\t<\/h1>\n\t\t\t\t\t    \t            <button class=\"e-ff70f24-d2ce17b e-button-base\" data-interaction-id=\"ff70f24\"  >\n            Plongez au c\u0153ur de l'alv\u00e9ole\n        <\/button>\n    \t\t\t\t\t<\/div>\n\t\t\t\t<\/div>\n\t\t<div class=\"elementor-element elementor-element-292df0f e-flex e-con-boxed e-con e-parent\" data-id=\"292df0f\" data-element_type=\"container\" data-e-type=\"container\" data-settings=\"{&quot;background_background&quot;:&quot;classic&quot;}\">\n\t\t\t\t\t<div class=\"e-con-inner\">\n\t\t<div class=\"elementor-element elementor-element-c5ef370 e-con-full e-flex e-con e-child\" data-id=\"c5ef370\" data-element_type=\"container\" data-e-type=\"container\" data-settings=\"{&quot;background_background&quot;:&quot;classic&quot;}\">\n\t\t\t\t<div class=\"elementor-element elementor-element-002e1af elementor-position-top elementor-widget elementor-widget-image-box\" data-id=\"002e1af\" data-element_type=\"widget\" data-e-type=\"widget\" data-widget_type=\"image-box.default\">\n\t\t\t\t\t<div class=\"elementor-image-box-wrapper\"><figure class=\"elementor-image-box-img\"><img fetchpriority=\"high\" decoding=\"async\" width=\"275\" height=\"183\" src=\"https:\/\/www.lemondedeszabeilles.fr\/test\/wp-content\/uploads\/2026\/05\/telechargement-1.jpg\" class=\"attachment-large size-large wp-image-44\" alt=\"\" \/><\/figure><div class=\"elementor-image-box-content\"><h3 class=\"elementor-image-box-title\"><h1 style=\"font-size: 1.5rem;text-align: start;white-space: normal\">Plong\u00e9e au c\u0153ur de la vie sociale de l\u2019abeille<span style=\"font-size: 1.75rem;font-family: Poppins, sans-serif;font-weight: 600;white-space: pre-wrap;text-align: center\"><\/span><\/h1><\/h3><p class=\"elementor-image-box-description\"><span style=\"text-align: start;white-space: normal\">Immersion d\u2019une demi-journ\u00e9e. Une exp\u00e9rience sensorielle au plus proche du monde fascinant des abeilles<\/span><\/p><\/div><\/div>\t\t\t\t<\/div>\n\t\t\t\t<div class=\"elementor-element elementor-element-d52293a elementor-widget elementor-widget-button\" data-id=\"d52293a\" data-element_type=\"widget\" data-e-type=\"widget\" data-widget_type=\"button.default\">\n\t\t\t\t\t\t\t\t\t\t<a class=\"elementor-button elementor-button-link elementor-size-sm\" href=\"https:\/\/www.lemondedeszabeilles.fr\/test\/visite-pedagogique\/\">\n\t\t\t\t\t\t<span class=\"elementor-button-content-wrapper\">\n\t\t\t\t\t\t\t\t\t<span class=\"elementor-button-text\">Cliquez ici<\/span>\n\t\t\t\t\t<\/span>\n\t\t\t\t\t<\/a>\n\t\t\t\t\t\t\t\t<\/div>\n\t\t\t\t<\/div>\n\t\t<div class=\"elementor-element elementor-element-a289f40 e-con-full e-flex e-con e-child\" data-id=\"a289f40\" data-element_type=\"container\" data-e-type=\"container\" data-settings=\"{&quot;background_background&quot;:&quot;classic&quot;}\">\n\t\t\t\t<div class=\"elementor-element elementor-element-4a55608 elementor-position-top elementor-widget elementor-widget-image-box\" data-id=\"4a55608\" data-element_type=\"widget\" data-e-type=\"widget\" data-widget_type=\"image-box.default\">\n\t\t\t\t\t<div class=\"elementor-image-box-wrapper\"><figure class=\"elementor-image-box-img\"><img decoding=\"async\" width=\"300\" height=\"168\" src=\"https:\/\/www.lemondedeszabeilles.fr\/test\/wp-content\/uploads\/2026\/05\/telechargement-3.jpg\" class=\"attachment-full size-full wp-image-42\" alt=\"\" \/><\/figure><div class=\"elementor-image-box-content\"><h3 class=\"elementor-image-box-title\"><h1 style=\"font-size: 1.5rem;text-align: start;white-space: normal\">De la r\u00e9colte aux produits de soin et d\u2019entretien<span style=\"font-size: 1.75rem;font-family: Poppins, sans-serif;font-weight: 600;white-space: pre-wrap;text-align: center\"><\/span><\/h1><\/h3><p class=\"elementor-image-box-description\"><span style=\"text-align: start;white-space: normal\">Comment utiliser notre cire opercul\u00e9e, notre propolis brute et notre miel pour cr\u00e9er vos propres produits d\u2019hygi\u00e8ne\u2026<\/span><\/p><\/div><\/div>\t\t\t\t<\/div>\n\t\t\t\t<div class=\"elementor-element elementor-element-3b1431b elementor-widget elementor-widget-button\" data-id=\"3b1431b\" data-element_type=\"widget\" data-e-type=\"widget\" data-widget_type=\"button.default\">\n\t\t\t\t\t\t\t\t\t\t<a class=\"elementor-button elementor-button-link elementor-size-sm\" href=\"https:\/\/www.lemondedeszabeilles.fr\/test\/courses\/atelier-de-valorisation-de-la-recolte-aux-produits-de-soin-et-dentretien\/\">\n\t\t\t\t\t\t<span class=\"elementor-button-content-wrapper\">\n\t\t\t\t\t\t\t\t\t<span class=\"elementor-button-text\">Cliquez ici<\/span>\n\t\t\t\t\t<\/span>\n\t\t\t\t\t<\/a>\n\t\t\t\t\t\t\t\t<\/div>\n\t\t\t\t<\/div>\n\t\t<div class=\"elementor-element elementor-element-5611119 e-con-full e-flex e-con e-child\" data-id=\"5611119\" data-element_type=\"container\" data-e-type=\"container\" data-settings=\"{&quot;background_background&quot;:&quot;classic&quot;}\">\n\t\t\t\t<div class=\"elementor-element elementor-element-c874b0b elementor-position-top elementor-widget elementor-widget-image-box\" data-id=\"c874b0b\" data-element_type=\"widget\" data-e-type=\"widget\" data-widget_type=\"image-box.default\">\n\t\t\t\t\t<div class=\"elementor-image-box-wrapper\"><figure class=\"elementor-image-box-img\"><img decoding=\"async\" width=\"259\" height=\"194\" src=\"https:\/\/www.lemondedeszabeilles.fr\/test\/wp-content\/uploads\/2026\/05\/telechargement-2.jpg\" class=\"attachment-full size-full wp-image-43\" alt=\"\" \/><\/figure><div class=\"elementor-image-box-content\"><h3 class=\"elementor-image-box-title\"><h1 style=\"font-size: 1.5rem;text-align: start;white-space: normal\">Installer et g\u00e9rer son rucher de loisir<span style=\"font-family: Poppins, sans-serif;font-size: 1.75rem;font-weight: 600;white-space: pre-wrap;text-align: center\"><\/span><\/h1><\/h3><p class=\"elementor-image-box-description\"><span style=\"text-align: start;white-space: normal\">Maitriser les gestes essentiels de l\u2019\u00e9leveur : de l\u2019installation de l\u2019essaim \u00e0 la gestion sanitaire des colonies tout au long de l\u2019ann\u00e9e\u2026<\/span><\/p><\/div><\/div>\t\t\t\t<\/div>\n\t\t\t\t<div class=\"elementor-element elementor-element-1c5d37c elementor-widget elementor-widget-button\" data-id=\"1c5d37c\" data-element_type=\"widget\" data-e-type=\"widget\" data-widget_type=\"button.default\">\n\t\t\t\t\t\t\t\t\t\t<a class=\"elementor-button elementor-button-link elementor-size-sm\" href=\"https:\/\/www.lemondedeszabeilles.fr\/test\/courses\/transmission-de-savoir-faire-installer-et-gerer-son-rucher-de-loisir\/\">\n\t\t\t\t\t\t<span class=\"elementor-button-content-wrapper\">\n\t\t\t\t\t\t\t\t\t<span class=\"elementor-button-text\">Cliquez ici<\/span>\n\t\t\t\t\t<\/span>\n\t\t\t\t\t<\/a>\n\t\t\t\t\t\t\t\t<\/div>\n\t\t\t\t<\/div>\n\t\t<div class=\"elementor-element elementor-element-c68593d e-con-full e-flex e-con e-child\" data-id=\"c68593d\" data-element_type=\"container\" data-e-type=\"container\" data-settings=\"{&quot;background_background&quot;:&quot;classic&quot;}\">\n\t\t\t\t<div class=\"elementor-element elementor-element-cd4de40 elementor-position-top elementor-widget elementor-widget-image-box\" data-id=\"cd4de40\" data-element_type=\"widget\" data-e-type=\"widget\" data-widget_type=\"image-box.default\">\n\t\t\t\t\t<div class=\"elementor-image-box-wrapper\"><figure class=\"elementor-image-box-img\"><img loading=\"lazy\" decoding=\"async\" width=\"300\" height=\"168\" src=\"https:\/\/www.lemondedeszabeilles.fr\/test\/wp-content\/uploads\/2026\/05\/telechargement.jpg\" class=\"attachment-full size-full wp-image-45\" alt=\"\" \/><\/figure><div class=\"elementor-image-box-content\"><h3 class=\"elementor-image-box-title\"><h1 style=\"font-size: 1.5rem;text-align: start;white-space: normal\">Conduite d\u2019une exploitation apicole professionnelle<\/h1><\/h3><p class=\"elementor-image-box-description\"><span style=\"text-align: start;white-space: normal\">Destin\u00e9e \u00e0 ceux qui envisagent une installation agricole, cette formation est ax\u00e9e sur la gestion technique et \u00e9conomique de nos outils de production\u2026 <\/span><\/p><\/div><\/div>\t\t\t\t<\/div>\n\t\t\t\t<div class=\"elementor-element elementor-element-6518970 elementor-widget elementor-widget-button\" data-id=\"6518970\" data-element_type=\"widget\" data-e-type=\"widget\" data-widget_type=\"button.default\">\n\t\t\t\t\t\t\t\t\t\t<a class=\"elementor-button elementor-button-link elementor-size-sm\" href=\"https:\/\/www.lemondedeszabeilles.fr\/test\/courses\/accompagnement-a-linstallation-conduite-dune-exploitation-apicole-professionnelle\/\">\n\t\t\t\t\t\t<span class=\"elementor-button-content-wrapper\">\n\t\t\t\t\t\t\t\t\t<span class=\"elementor-button-text\">Cliquez ici<\/span>\n\t\t\t\t\t<\/span>\n\t\t\t\t\t<\/a>\n\t\t\t\t\t\t\t\t<\/div>\n\t\t\t\t<\/div>\n\t\t\t\t\t<\/div>\n\t\t\t\t<\/div>\n\t\t\t\t<\/div>\n\t\t","protected":false},"excerpt":{"rendered":"<p>Plongez au c\u0153ur de l&rsquo;alv\u00e9ole : d\u00e9couvrez et prot\u00e9gez l&rsquo;univers de nos butineuses. Plongez au c\u0153ur de l&rsquo;alv\u00e9ole Plong\u00e9e au c\u0153ur de la vie sociale de l\u2019abeille Immersion d\u2019une demi-journ\u00e9e. Une exp\u00e9rience sensorielle au plus proche du monde fascinant des abeilles Cliquez ici De la r\u00e9colte aux produits de soin et d\u2019entretien Comment utiliser notre [&hellip;]<\/p>\n","protected":false},"author":1,"featured_media":0,"parent":0,"menu_order":0,"comment_status":"closed","ping_status":"closed","template":"","meta":{"footnotes":""},"class_list":["post-70","page","type-page","status-publish","hentry"],"_links":{"self":[{"href":"https:\/\/www.lemondedeszabeilles.fr\/test\/wp-json\/wp\/v2\/pages\/70","targetHints":{"allow":["GET"]}}],"collection":[{"href":"https:\/\/www.lemondedeszabeilles.fr\/test\/wp-json\/wp\/v2\/pages"}],"about":[{"href":"https:\/\/www.lemondedeszabeilles.fr\/test\/wp-json\/wp\/v2\/types\/page"}],"author":[{"embeddable":true,"href":"https:\/\/www.lemondedeszabeilles.fr\/test\/wp-json\/wp\/v2\/users\/1"}],"replies":[{"embeddable":true,"href":"https:\/\/www.lemondedeszabeilles.fr\/test\/wp-json\/wp\/v2\/comments?post=70"}],"version-history":[{"count":22,"href":"https:\/\/www.lemondedeszabeilles.fr\/test\/wp-json\/wp\/v2\/pages\/70\/revisions"}],"predecessor-version":[{"id":123,"href":"https:\/\/www.lemondedeszabeilles.fr\/test\/wp-json\/wp\/v2\/pages\/70\/revisions\/123"}],"wp:attachment":[{"href":"https:\/\/www.lemondedeszabeilles.fr\/test\/wp-json\/wp\/v2\/media?parent=70"}],"curies":[{"name":"wp","href":"https:\/\/api.w.org\/{rel}","templated":true}]}}